10 + g/r.
2, 3
Let c(f) = -2*f + 8. What are the prime factors of c(-5)?
2, 3
Let h = 13 - 3. Suppose -3*i + h = -56. List the prime factors of i.
2, 11
Suppose -2*d + 24 = r, r + 5*d = 2*r - 3. What are the prime factors of r?
2, 3
What are the prime factors of 0 + (1 - -110 - 1)?
2, 5, 11
Suppose 36 + 16 = 4*d. List the prime factors of (1 - d)/(16/(-24)).
2, 3
Suppose 54 = 4*a + 4*p - 54, p = -4*a + 108. List the prime factors of a.
3
Suppose -f = -3*f + 5*w + 24, 3*f = -3*w - 6. Let r = 1 + f. Suppose -4*o + r*o = -11. List the prime factors of o.
11
Suppose 42*q - 44*q = -24. What are the prime factors of q?
2, 3
Let k = 2 + 2. Suppose -24 = 3*l - k*c, 48 - 8 = -5*l - 4*c. Let n(p) = -p**2 - 11*p - 10. What are the prime factors of n(l)?
2, 7
Let v(o) = o. Let p(h) = h**2 - 9*h - 8. Let i(x) = -p(x) + 2*v(x). Let u be i(6). Let g = u - 23. What are the prime factors of g?
3, 5
Let l = 20 + 19. What are the prime factors of l?
3, 13
Suppose -4*n = -4*g, 3*n + 0*n + g - 16 = 0. Suppose 2*w + 2*z = n*w - 20, -4*w - 2*z + 28 = 0. List the prime factors of w.
2
Let a = -1 + 7. Suppose 2*k + 8 = a*k. List the prime factors of k.
2
Let i be (-72)/1*6/9. Let t = i + 74. Let h = -15 + t. List the prime factors of h.
11
Suppose -d + 2 = -2. Suppose 5*a - 65 = u, u + 29 = a + d*u. What are the prime factors of a?
2, 7
Let l(y) be the second derivative of y**5/20 + y**4/2 + 5*y**3/6 + y**2 - 2*y. Let p be l(-5). Suppose p*f - 7*f = -45. What are the prime factors of f?
3
Suppose 0*l - l + 5*i + 55 = 0, 2*l = -2*i + 170. List the prime factors of l.
2, 5
Let a be (-5)/2 - (-9)/6. What are the prime factors of (-1)/(1/5)*a?
5
Let q = -9 - -24. Let c = 0 - -2. Suppose -c*t + 4*x + q = -3*t, x + 15 = 2*t. List the prime factors of t.
5
Let j(p) = -4*p - 3 + 4*p - p**2 + 6*p. Let d be j(5). Suppose -3*y = -0*y + d*h - 11, -2*y + 5*h = -20. What are the prime factors of y?
5
Suppose -3*n + 4*x = 4, x - 2 = -n - x. Suppose -2*r - 3*m + 21 = 2*m, n = r + 3*m - 9. List the prime factors of r.
2, 3
Suppose 148 = f + f. Let v = -34 + f. List the prime factors of v.
2, 5
Let t(p) = -2*p**3 - 2*p**2 + 2*p + 3. Let s be t(-2). Let i = s - 4. What are the prime factors of i?
3
Suppose 0 = 3*x - 3*f - 81, 4*f - 9 = -4*x + 59. List the prime factors of x.
2, 11
Let w(i) = -i - i**3 - 2*i**2 + i**2 - 2 - 2*i. Let y be w(-2). Let m = y + 0. What are the prime factors of m?
2
Let m(k) = k**3 - 9*k**2 - 6*k - 2. Let r be m(10). Suppose 0 = -4*h - 2*p + r, 5 = 2*h + 4*p + 1. List the prime factors of h.
2, 3
Suppose 12*f - 332 = 8*f. List the prime factors of f.
83
Let z(f) = -f**3 + 14*f**2 - 14*f + 18. Let s be z(13). Suppose 21 = s*g - 74. What are the prime factors of g?
19
Suppose 236 = 13*y - 9*y. List the prime factors of y.
59
Let y(b) = 4*b**2 - 6*b - 6. Let s be y(-3). Suppose 5*n = 2*n + s. What are the prime factors of n?
2
Let u(c) = c**2 - 7*c - 6. List the prime factors of u(-6).
2, 3
Let z be 16/((-9)/(-6) + -1). What are the prime factors of z/14 - (-16)/(-56)?
2
Let j(o) = o**2 + 4*o + 2. What are the prime factors of j(-4)?
2
Suppose 0 = -2*k - 2*o - 5 - 1, -17 = 4*k + 5*o. Suppose -5*y - s + 29 = -k*s, y + 11 = -4*s. What are the prime factors of y?
5
Suppose -2*t + x - 8 = 0, t + 0*x + 2 = x. Let p be (1 + 3)/(2/t). Let i = -8 - p. List the prime factors of i.
2
Let v(a) = 8*a - 2. What are the prime factors of v(2)?
2, 7
Let x be 1 + -2 + (-9)/(-3). Suppose h - 3*h = -x. What are the prime factors of (-4)/((h/(-1))/2)?
2
Suppose 0 = 3*v + 2*o - 79, v + 5*o - 14 = 34. What are the prime factors of v?
23
Suppose 6*p = 3*p - 3*n + 393, -4*p + 4*n + 564 = 0. List the prime factors of p.
2, 17
Let g(y) = -y**3 - 7*y**2 - 9*y - 5. Let s be g(-5). Let k = s - -17. List the prime factors of k.
7
Let x(h) = 7*h + 147. List the prime factors of x(0).
3, 7
Suppose 2*t = -0*t + 18. List the prime factors of t.
3
What are the prime factors of 44/(-198) - 1298/(-9)?
2, 3
Let m = -8 + 11. Suppose m*z - z - 4*c = 8, 2*z - 5*c - 9 = 0. List the prime factors of z.
2
Let a = -4 - -14. Let l(j) = -3*j**3 - 15*j**2 + 11*j - 19. Let b(r) = r**3 + r**2 + 1. Let k(d) = -4*b(d) - l(d). List the prime factors of k(a).
5
Suppose -3*o = -9 - 9. Suppose 5*d - 84 = 3*m + 62, 0 = 4*d + 3*m - 106. Suppose -3*j = -3*n - o, 2*j + 3*j - d = -4*n. List the prime factors of n.
2
Let m = 5 - 3. Suppose 240 + 164 = 5*h + 4*g, h - 76 = -m*g. Suppose -7*u + 3*u = -h. List the prime factors of u.
3, 7
Suppose -m + 19 = -23. What are the prime factors of m?
2, 3, 7
Let h(c) be the third derivative of -c**4/12 + 5*c**3/3 + 9*c**2. List the prime factors of h(-11).
2
Let g be -3 + -2 + 4 - -49. List the prime factors of (-60)/(-2)*16/g.
2, 5
Let z = -16 - -10. Let b(v) = v**3 + 7*v**2 + 7*v - 7. Let r be b(z). Let x = r - -25. List the prime factors of x.
2, 3
Let g(i) = -2*i + 4. Let w be g(3). Let q(v) = 2*v**2 - 7*v + 4. Let x be q(4). Let u = x + w. What are the prime factors of u?
2, 3
Suppose 0 = -2*v + 5*p + 97, -v - 2*v + 2*p = -118. List the prime factors of v/5 - (-2)/(-10).
7
Let h(d) = -d**3 + d**2 + 3*d + 5. List the prime factors of h(-2).
11
Suppose -5*i + 60 = -4*n - n, 2*n = -5*i + 81. Suppose 3 - i = -c. List the prime factors of c.
2, 3
What are the prime factors of 3110/25 - 2*(-2)/(-10)?
2, 31
Let j(g) = -5*g**3 - g**2 + 1. Let r be j(-1). List the prime factors of 86/r - (-8)/(-40).
17
Suppose 2*h + 66 = i, -153 + 18 = -2*i + 5*h. List the prime factors of i.
2, 3, 5
Let c = -1 - -4. Suppose -98 - 11 = -4*p - 5*w, -79 = -c*p - w. What are the prime factors of -1 + 1/2*p?
2, 3
Let q = -11 - -3. List the prime factors of (-29 + -1)*4/q.
3, 5
Let i = 3 + -3. Suppose 4*y + 13 + 15 = i. Let w(p) = -p - 5. What are the prime factors of w(y)?
2
Suppose -4 = -3*n - n. Let g be 30 - (n + (-3)/3). Let k = -18 + g. What are the prime factors of k?
2, 3
Let v(q) be the second derivative of 0 - 1/3*q**3 - 3/2*q**2 + q. List the prime factors of v(-5).
7
Suppose -3*w - 5*c = -15, w + w - 10 = 2*c. Suppose 5 = w*b - 10. Suppose -p + 43 = 4*l, p - b*p = 3*l - 36. What are the prime factors of l?
2, 5
Suppose 2*j + n = -57, -4*j + 3*n - n = 94. What are the prime factors of (j/1)/(-2) + 1?
2, 7
Suppose -3*f + 2 + 1 = 0. Let a(n) = n - 1. Let u be a(f). Suppose u*o - 28 = -4*o. What are the prime factors of o?
7
Let d = -33 - -60. What are the prime factors of d?
3
Let k = 12 + -10. Suppose -5*v = -k*x + 5, -4 = -4*v - 0. What are the prime factors of x?
5
Let n be (-2 - -5)/(3/111). Suppose -4*j = -j - n. What are the prime factors of (-1)/3 - j/(-3)?
2, 3
Let z = 13 - 6. What are the prime factors of (-828)/(-42) - (-2)/z?
2, 5
Let x = -4 - 2. Let i be 4/x*-3 + 1. Suppose -i*m = 1 - 7. What are the prime factors of m?
2
Let g(z) = 5*z - 5. What are the prime factors of g(7)?
2, 3, 5
Let y = -8 - -13. Suppose 5*k + 30 = -3*a + y*a, 2*a = -2*k + 2. What are the prime factors of a?
5
Suppose -3*u - 2*u = 0. Suppose u = 2*n + 3*n. Suppose 3*v + n*v = 18. List the prime factors of v.
2, 3
Suppose -2*u = -m - 4*m + 64, -3*u = -4*m + 47. Suppose 2*j - 2*w = m, -2*j - j = -w - 27. What are the prime factors of j?
2, 5
What are the prime factors of (0 - -59) + 3 + -2?
2, 3, 5
Let b(n) = 5*n + 1. Let a be b(1). Let q be 3*(-3)/(-18)*22. Let c = q - a. List the prime factors of c.
5
Let c = 0 - 0. Let u(z) = -z**3 + 7*z**2 + 12*z - 2. Let l be u(8). Suppose -3*t + c*t + l = 0. What are the prime factors of t?
2, 5
Suppose -36 = 7*h - 5*h. What are the prime factors of (38/(-3))/(12/h)?
19
Let g = 0 - -18. What are the prime factors of g?
2, 3
Let h = 9 + -1. Let i = -5 + h. Suppose i = v - 3. List the prime factors of v.
2, 3
Let o be 11 + -11 + 0 + 2. Suppose -2*u + 7*u = -3*h + 296, -4 = -o*h. List the prime factors of u.
2, 29
Let z be 111/21 - (-4)/(-14). Suppose -2*d = -7*d - 75. Let r = z - d. List the prime factors of r.
2, 5
Suppose -24 = -p - 4*n + 19, -n + 120 = 5*p. Suppose d - p = 10. What are the prime factors of d?
3, 11
Let f be 40/18 - (-2)/(-9). Let v be 15/2 + 1/2. Suppose -f*u + v = -u. What are the prime factors of u?
2
Let m(w) = -3*w + 5. Let j(l) = -9*l + 14. Let u(x) = -4*j(x) + 11*m(x). List the prime factors of u(1).
2
Let a = 40 + 33. What are the prime factors of a?